ulate the highest common divisor of z and 22.
11
Suppose -5*f + 20 = 0, -5*t - 4*f + 63 + 88 = 0. Let g be 63*((-15)/9)/(-5). Let n = t - g. Calculate the highest common factor of 15 and n.
3
Let c(a) = 4*a**2 - a + 1. Let o be c(7). Suppose 2*h + 2*i + 20 + 12 = 0, 0 = 2*h + 5*i + 41. Let m = 25 - h. What is the greatest common divisor of o and m?
38
Let h(z) = -z**3 + z**2 - 22*z + 411. Let d be h(0). Suppose 0 = -15*i + 20*i - 15. Calculate the greatest common factor of i and d.
3
Let m = -150 - -154. Let j be 658/15 + (-88)/(-660). Calculate the greatest common factor of j and m.
4
Suppose -f - 2*t = -86 + 26, 3*t = -f + 69. What is the greatest common divisor of 8169 and f?
21
Let n(d) be the first derivative of -2*d**3/3 - 45*d**2/2 - 7*d - 1. Let g be n(-21). Suppose 5*c - c - 56 = 0. What is the greatest common factor of g and c?
14
Suppose -3*g + 4116 = -63*a + 60*a, -5*g + 4*a = -6865. Calculate the greatest common factor of g and 1071.
153
Suppose -4*o = -157*w + 156*w + 3238, w - o - 3253 = 0. Calculate the highest common factor of 6 and w.
6
Let l(y) = 16*y**2 - 50*y + 235. Let g be l(13). Calculate the greatest common divisor of g and 21.
21
Let q(n) = -6 - 364*n**2 - 7 + 182*n**2 + 20*n + 180*n**2. Let y be q(7). Calculate the greatest common divisor of y and 464.
29
Let k = 25 + -21. Let r(n) = k*n - 10*n**2 - 5 + 11*n**2 + 10. Let s be r(-6). Calculate the greatest common divisor of 85 and s.
17
Let t(v) = -2*v**3 - 3*v**2 + 3*v - 3. Suppose -10 - 5 = 5*s. Let l be t(s). Let q be 3970/24 + 5465/(-13116). What is the highest common divisor of q and l?
15
Let h = 103 + -73. Let f be h + -3 + (13 + -1)/(-3). Let w = 31 - f. What is the highest common factor of w and 32?
8
Let l = -3955 + 4245. What is the highest common divisor of 2842 and l?
58
Let z = 3218 + -2217. Calculate the highest common divisor of 1232 and z.
77
Let n = -1958 - -8468. Calculate the greatest common factor of n and 140.
70
Let i = 28711 + -23317. What is the highest common divisor of i and 1044?
174
Let x(i) = -2*i**2 + 11*i - 3. Let f be x(5). Let s be f + 4*(-6)/(-8). What is the highest common factor of s and 160?
5
Let y = 291 - 123. Let x be ((-3)/(-5))/(2/70 - 0). Suppose -y - x = -3*d. What is the highest common divisor of 7 and d?
7
Suppose 0 = 17*p - 119 - 204. Let m(f) = -71*f - 22. Let k be m(-7). Calculate the highest common factor of k and p.
19
Suppose 456*c = 150*c + 2142. Calculate the highest common divisor of 5 and c.
1
Let s be -118 + 119 - -4*4. Suppose 0*k - 612 = -4*k. What is the highest common divisor of s and k?
17
Let h = -17 - -38. Suppose -68 = 3*y - 506. Let g = -41 + y. What is the highest common divisor of g and h?
21
Let b(z) = z**3 + 29*z**2 + 22*z - 108. Let f be b(-28). Calculate the greatest common factor of f and 3180.
60
Suppose 0*n - 3285 - 18099 = -4*n. Calculate the highest common divisor of n and 33.
33
Suppose 17*u - 837 = 14*u. Let z = -274 + u. Calculate the highest common divisor of z and 60.
5
Suppose -13*k + 68*k - 2957 - 5403 = 0. Calculate the highest common factor of k and 448.
8
Let g(a) = -11*a + 3. Let c be g(-3). Suppose -2*y + 44 = -c. Let l be 13 - (-5 - (-16 - -6)). What is the highest common divisor of y and l?
8
Let c be (-30)/(-6) + 3 + -1. Suppose -c*d + 4*k + 432 = -2*d, 2*d - k = 171. What is the highest common divisor of d and 56?
28
Let u(w) = -113*w - 529. Let y be u(-5). Calculate the greatest common divisor of 171 and y.
9
Let q(p) = -p**2 + 16*p - 15. Let c be q(10). Let m(a) = -a**3 + 20*a**2 + 80*a - 1476. Let y be m(19). Calculate the highest common divisor of y and c.
45
Suppose 3*f = f + 140. Suppose 0 = -8*a + 53 - 5. Suppose a*k - k - 4*p - 120 = 0, -5 = -p. Calculate the highest common divisor of k and f.
14
Suppose -2*a + 10568 = 4*d, 879*d - 2662 = 878*d + 2*a. Calculate the greatest common divisor of d and 135.
27
Suppose -32422 = -75*d + 25778. Calculate the highest common divisor of 2813 and d.
97
Let b = -10483 + 11391. What is the highest common divisor of 4313 and b?
227
Suppose -23 = -19*u + 15. Suppose -u*h + l = -3*l - 356, h - 179 = 3*l. What is the highest common divisor of 11 and h?
11
Suppose -m - m = -4*d + 150, -d - 2*m + 35 = 0. Let h be 100395/388 + (-2)/(-8). Calculate the highest common factor of h and d.
37
Let l(y) = -5*y + 159. Let k be l(23). Let t be 373/11 - -2 - (-29)/319. What is the highest common divisor of t and k?
4
Suppose 3*r + 2*o - 33 - 14 = 0, 5*r - 100 = o. What is the highest common divisor of r and 8683?
19
Let h be 2 + ((-12654)/(-50) - ((-615)/125 + 5)). Calculate the highest common divisor of h and 5151.
51
Let s(q) = 2*q**2 - 66*q + 282. Let h be s(29). Suppose -2*w = -6*w + 40. Calculate the greatest common divisor of h and w.
10
Let w = 23634 + -21345. Calculate the greatest common divisor of w and 189.
21
Let l be (-8)/(-10)*(-7 + 137). Let h(y) = -30*y - 9 + 20*y + 4*y**2 + 7*y. Let v be h(-2). Calculate the highest common divisor of l and v.
13
Let v(m) = 19*m**3 + 201*m**2 - 802*m - 8. Let f be v(4). What is the greatest common factor of f and 19?
19
Let s be (2320/70)/((-12)/(-63)) - -16. Let n = 34 + -24. Calculate the greatest common factor of s and n.
10
Let t be (69/(-92))/((-1)/44 + 0). Let h be (3 - 3/3)*(-8)/(-4). Suppose -h*g = -113 + 25. What is the highest common factor of t and g?
11
Suppose 4*i = 12*d - 16*d - 2544, i + 666 = 5*d. Let h = -506 - i. Calculate the greatest common factor of 15 and h.
15
Suppose -3 + 25 = 4*x - 2*a, 0 = 2*a - 2. Calculate the highest common factor of x and 174.
6
Suppose -164*g = -168*g + 8. Suppose o - 5*j - 58 = 0, j - 5*j - 185 = -3*o. Let h = o + -55. What is the highest common factor of h and g?
2
Let o be ((-3)/2)/((-5)/10). Let z = 163 - 163. Suppose z = -5*d + 111 + 24. What is the highest common divisor of d and o?
3
Let m = 45 + 96. Let c = m + 392. Calculate the greatest common factor of c and 41.
41
Let a be ((-50)/(-28))/((-44)/(-462))*(-28)/(-3). What is the highest common factor of a and 315?
35
Let f = -85 + 131. Let n be 33502/91 + (-22)/143. Calculate the highest common divisor of n and f.
46
Let g(a) = a + 35. Suppose -2*v - u + 6 = -v, 5 = 2*v - 5*u. Let m be g(v). What is the greatest common factor of m and 40?
40
Let y(p) = 8*p - 37. Let t be y(6). Suppose 0 = t*a - 203 - 259. Calculate the greatest common factor of a and 6.
6
Let i be 12*(-7)/35*-115. Suppose -2*r - 5*z + 21 = 0, 4 + 16 = -4*z. Calculate the highest common divisor of r and i.
23
Let b be (4/6)/((-11)/132) + 613. What is the greatest common divisor of b and 165?
55
Let l(a) = -3*a**3 - 60*a**2 - 2*a - 118. Let z be l(-21). Calculate the greatest common divisor of z and 145.
29
Let i be (-3)/(9/5) - 38/114. Let c be 14 - 2/i*(-58)/29. What is the greatest common factor of c and 588?
12
Let p(x) = 34*x - 4. Suppose 34 = 3*v + 31. Let r be p(v). Let j = 109 - 64. What is the highest common factor of r and j?
15
Suppose -a = 4*h + 14 - 78, -h - 1 = -4*a. Let c(s) = -s**3 + 14*s**2 + 14*s + 22. Let k be c(h). What is the highest common divisor of 91 and k?
7
Let i be (2 + 8/6)/((-315)/(-7938)). What is the highest common factor of i and 238?
14
Let i(u) = -114*u - 228. Let c be i(10). Let x be 2 - c/(-6)*-1. Calculate the greatest common divisor of 184 and x.
46
Suppose -4*n - s + 4052 = -n, 4*s = 2*n - 2720. Let v be (317 - 319)/(2/(-104)). What is the greatest common factor of v and n?
104
Let y(c) = c**3 + 27*c**2 + 46*c - 243. Let i be y(-24). What is the greatest common divisor of i and 3175?
127
Let w(y) = y**3 - 10*y**2 - 53*y + 797. Let s be w(13). What is the highest common factor of s and 12?
3
Suppose 0 = -36*g - 43*g - 1471 + 6448. Calculate the highest common factor of 672 and g.
21
Let y = 33557 + -30596. Calculate the highest common factor of y and 2632.
329
Suppose l = -6*l + 21. Let s be -46*l/(-9)*6/4. Calculate the greatest common divisor of 391 and s.
23
Let d be (500/15)/10*(-54)/(-15). Let a = 6 + 12. Calculate the greatest common divisor of d and a.
6
Suppose -18*p + 356916 = -8*p - 3*p. What is the greatest common divisor of 84 and p?
84
Suppose 28*t - 30*t + 1562 = 0. What is the highest common divisor of 88 and t?
11
Let v = -107 - -283. Let x = 1677 - 1633. What is the gre